{"id":134,"date":"2016-01-02T11:02:36","date_gmt":"2016-01-02T11:02:36","guid":{"rendered":"http:\/\/isen.org.uk\/template\/?page_id=134"},"modified":"2020-06-09T18:56:55","modified_gmt":"2020-06-09T15:56:55","slug":"about-us","status":"publish","type":"page","link":"https:\/\/www.spiritualemergencenetwork.org\/finland\/about-us\/","title":{"rendered":"Meist\u00e4"},"content":{"rendered":"<p>Me JoutSEN &#8211; Spiritual Emergence Network Finlandin (SEN Finland) toimijat olemme tutustuneet henkisen kasvun prosessin mukanaan tuomiin psyko-spirituaalisiin haasteisiin joko oman kriisin, l\u00e4heisen tukemisen tai ammatillisen kokemuksen kautta. Olemme havainneet vertaistuen olevan t\u00e4rke\u00e4 osa henkisen eheytymisen prosessia. Tahdomme tarjota sinulle mahdollisuuden vertaistukeen ja vuorovaikutukseen muiden asiaan perehtyneiden kesken &#8211; samanvertaisena, ilman hierarkioita. Liity rohkeasti kasvavaan joukkoomme!<\/p>\n<p>Toimintamme on viel\u00e4 aluillaan, mutta toivomme, ett\u00e4 jokainen t\u00e4h\u00e4n sivustoon tutustuva saisi jo nyt kokea edes pienen ilon tai oivalluksen kipin\u00e4n: Emme ole yksin! Olemme t\u00e4\u00e4ll\u00e4 toisiamme tukemassa yhteisell\u00e4, mutta jokaiselle omann\u00e4k\u00f6isell\u00e4 matkalla!<\/p>\n<p>Otamme eritt\u00e4in mielell\u00e4mme vastaan ehdotuksia ja materiaalia sivujemme sek\u00e4 toimintamme kehitt\u00e4mist\u00e4 varten. Tarkoituksena on julkaista mahdollisimman monipuolista tietoa: tutkimuksia, artikkeleita, blogikirjoituksia, kirja- ja elokuvaehdotuksia jne. Ota meihin\u00a0yhteytt\u00e4!<\/p>\n<p>Seuraa meit\u00e4 tykk\u00e4\u00e4m\u00e4ll\u00e4 Facebook-sivustamme (<a href=\"https:\/\/www.facebook.com\/Spiritual-Emergence-Network-Joutsen-Finland-179973529400255\/\">JoutSEN &#8211; Spiritual Emergence Netwwork Finland<\/a>). Voit my\u00f6s halutessasi liitty\u00e4 keskusteluun suljetussa fb-ryhm\u00e4ss\u00e4: SEN (Spiritual Emergence Network) Finland. Tervetuloa!<\/p>\n<p>Lue lis\u00e4\u00e4 <a href=\"http:\/\/www.spiritualemergencenetwork.org\/finland\/about-us\/joutsen-finland\/\">SEN Finlandin toiminnasta<\/a> ja tutustu <a href=\"http:\/\/www.spiritualemergencenetwork.org\/finland\/about-us\/tiimin-jasenten-kuvaus\/\">tiimin j\u00e4seniin.<\/a><\/p>\n","protected":false},"excerpt":{"rendered":"<p>Me JoutSEN &#8211; Spiritual Emergence Network Finlandin (SEN Finland) toimijat olemme tutustuneet henkisen kasvun prosessin mukanaan tuomiin psyko-spirituaalisiin haasteisiin joko oman kriisin, l\u00e4heisen tukemisen tai ammatillisen kokemuksen kautta. Olemme havainneet vertaistuen olevan t\u00e4rke\u00e4 osa henkisen eheytymisen prosessia. Tahdomme tarjota sinulle mahdollisuuden vertaistukeen ja vuorovaikutukseen muiden asiaan perehtyneiden kesken &#8211; samanvertaisena, ilman hierarkioita. Liity rohkeasti kasvavaan [&hellip;]<\/p>\n","protected":false},"author":2,"featured_media":0,"parent":0,"menu_order":0,"comment_status":"closed","ping_status":"closed","template":"","meta":{"_monsterinsights_skip_tracking":false,"_monsterinsights_sitenote_active":false,"_monsterinsights_sitenote_note":"","_monsterinsights_sitenote_category":0,"_uf_show_specific_survey":0,"_uf_disable_surveys":false,"_genesis_hide_title":false,"_genesis_hide_breadcrumbs":false,"_genesis_hide_singular_image":false,"_genesis_hide_footer_widgets":false,"_genesis_custom_body_class":"","_genesis_custom_post_class":"","_genesis_layout":"","jetpack_post_was_ever_published":false,"footnotes":""},"class_list":{"0":"post-134","1":"page","2":"type-page","3":"status-publish","5":"entry"},"yoast_head":"<!-- This site is optimized with the Yoast SEO plugin v27.3 - https:\/\/yoast.com\/product\/yoast-seo-wordpress\/ -->\n<title>Meist\u00e4 - SEN Finland<\/title>\n<meta name=\"robots\" content=\"index, follow, max-snippet:-1, max-image-preview:large, max-video-preview:-1\" \/>\n<link rel=\"canonical\" href=\"https:\/\/www.spiritualemergencenetwork.org\/finland\/about-us\/\" \/>\n<meta property=\"og:locale\" content=\"en_GB\" \/>\n<meta property=\"og:type\" content=\"article\" \/>\n<meta property=\"og:title\" content=\"Meist\u00e4 - SEN Finland\" \/>\n<meta property=\"og:description\" content=\"Me JoutSEN &#8211; Spiritual Emergence Network Finlandin (SEN Finland) toimijat olemme tutustuneet henkisen kasvun prosessin mukanaan tuomiin psyko-spirituaalisiin haasteisiin joko oman kriisin, l\u00e4heisen tukemisen tai ammatillisen kokemuksen kautta. Olemme havainneet vertaistuen olevan t\u00e4rke\u00e4 osa henkisen eheytymisen prosessia. Tahdomme tarjota sinulle mahdollisuuden vertaistukeen ja vuorovaikutukseen muiden asiaan perehtyneiden kesken &#8211; samanvertaisena, ilman hierarkioita. Liity rohkeasti kasvavaan [&hellip;]\" \/>\n<meta property=\"og:url\" content=\"https:\/\/www.spiritualemergencenetwork.org\/finland\/about-us\/\" \/>\n<meta property=\"og:site_name\" content=\"SEN Finland\" \/>\n<meta property=\"article:modified_time\" content=\"2020-06-09T15:56:55+00:00\" \/>\n<meta name=\"twitter:card\" content=\"summary_large_image\" \/>\n<meta name=\"twitter:label1\" content=\"Estimated reading time\" \/>\n\t<meta name=\"twitter:data1\" content=\"1 minute\" \/>\n<script type=\"application\/ld+json\" class=\"yoast-schema-graph\">{\"@context\":\"https:\\\/\\\/schema.org\",\"@graph\":[{\"@type\":\"WebPage\",\"@id\":\"https:\\\/\\\/www.spiritualemergencenetwork.org\\\/finland\\\/about-us\\\/\",\"url\":\"https:\\\/\\\/www.spiritualemergencenetwork.org\\\/finland\\\/about-us\\\/\",\"name\":\"Meist\u00e4 - SEN Finland\",\"isPartOf\":{\"@id\":\"https:\\\/\\\/www.spiritualemergencenetwork.org\\\/finland\\\/#website\"},\"datePublished\":\"2016-01-02T11:02:36+00:00\",\"dateModified\":\"2020-06-09T15:56:55+00:00\",\"breadcrumb\":{\"@id\":\"https:\\\/\\\/www.spiritualemergencenetwork.org\\\/finland\\\/about-us\\\/#breadcrumb\"},\"inLanguage\":\"en-GB\",\"potentialAction\":[{\"@type\":\"ReadAction\",\"target\":[\"https:\\\/\\\/www.spiritualemergencenetwork.org\\\/finland\\\/about-us\\\/\"]}]},{\"@type\":\"BreadcrumbList\",\"@id\":\"https:\\\/\\\/www.spiritualemergencenetwork.org\\\/finland\\\/about-us\\\/#breadcrumb\",\"itemListElement\":[{\"@type\":\"ListItem\",\"position\":1,\"name\":\"Home\",\"item\":\"https:\\\/\\\/www.spiritualemergencenetwork.org\\\/finland\\\/\"},{\"@type\":\"ListItem\",\"position\":2,\"name\":\"Meist\u00e4\"}]},{\"@type\":\"WebSite\",\"@id\":\"https:\\\/\\\/www.spiritualemergencenetwork.org\\\/finland\\\/#website\",\"url\":\"https:\\\/\\\/www.spiritualemergencenetwork.org\\\/finland\\\/\",\"name\":\"SEN Finland\",\"description\":\"Spiritual Crisis Network Finland\",\"potentialAction\":[{\"@type\":\"SearchAction\",\"target\":{\"@type\":\"EntryPoint\",\"urlTemplate\":\"https:\\\/\\\/www.spiritualemergencenetwork.org\\\/finland\\\/?s={search_term_string}\"},\"query-input\":{\"@type\":\"PropertyValueSpecification\",\"valueRequired\":true,\"valueName\":\"search_term_string\"}}],\"inLanguage\":\"en-GB\"}]}<\/script>\n<!-- \/ Yoast SEO plugin. -->","yoast_head_json":{"title":"Meist\u00e4 - SEN Finland","robots":{"index":"index","follow":"follow","max-snippet":"max-snippet:-1","max-image-preview":"max-image-preview:large","max-video-preview":"max-video-preview:-1"},"canonical":"https:\/\/www.spiritualemergencenetwork.org\/finland\/about-us\/","og_locale":"en_GB","og_type":"article","og_title":"Meist\u00e4 - SEN Finland","og_description":"Me JoutSEN &#8211; Spiritual Emergence Network Finlandin (SEN Finland) toimijat olemme tutustuneet henkisen kasvun prosessin mukanaan tuomiin psyko-spirituaalisiin haasteisiin joko oman kriisin, l\u00e4heisen tukemisen tai ammatillisen kokemuksen kautta. Olemme havainneet vertaistuen olevan t\u00e4rke\u00e4 osa henkisen eheytymisen prosessia. Tahdomme tarjota sinulle mahdollisuuden vertaistukeen ja vuorovaikutukseen muiden asiaan perehtyneiden kesken &#8211; samanvertaisena, ilman hierarkioita. Liity rohkeasti kasvavaan [&hellip;]","og_url":"https:\/\/www.spiritualemergencenetwork.org\/finland\/about-us\/","og_site_name":"SEN Finland","article_modified_time":"2020-06-09T15:56:55+00:00","twitter_card":"summary_large_image","twitter_misc":{"Estimated reading time":"1 minute"},"schema":{"@context":"https:\/\/schema.org","@graph":[{"@type":"WebPage","@id":"https:\/\/www.spiritualemergencenetwork.org\/finland\/about-us\/","url":"https:\/\/www.spiritualemergencenetwork.org\/finland\/about-us\/","name":"Meist\u00e4 - SEN Finland","isPartOf":{"@id":"https:\/\/www.spiritualemergencenetwork.org\/finland\/#website"},"datePublished":"2016-01-02T11:02:36+00:00","dateModified":"2020-06-09T15:56:55+00:00","breadcrumb":{"@id":"https:\/\/www.spiritualemergencenetwork.org\/finland\/about-us\/#breadcrumb"},"inLanguage":"en-GB","potentialAction":[{"@type":"ReadAction","target":["https:\/\/www.spiritualemergencenetwork.org\/finland\/about-us\/"]}]},{"@type":"BreadcrumbList","@id":"https:\/\/www.spiritualemergencenetwork.org\/finland\/about-us\/#breadcrumb","itemListElement":[{"@type":"ListItem","position":1,"name":"Home","item":"https:\/\/www.spiritualemergencenetwork.org\/finland\/"},{"@type":"ListItem","position":2,"name":"Meist\u00e4"}]},{"@type":"WebSite","@id":"https:\/\/www.spiritualemergencenetwork.org\/finland\/#website","url":"https:\/\/www.spiritualemergencenetwork.org\/finland\/","name":"SEN Finland","description":"Spiritual Crisis Network Finland","potentialAction":[{"@type":"SearchAction","target":{"@type":"EntryPoint","urlTemplate":"https:\/\/www.spiritualemergencenetwork.org\/finland\/?s={search_term_string}"},"query-input":{"@type":"PropertyValueSpecification","valueRequired":true,"valueName":"search_term_string"}}],"inLanguage":"en-GB"}]}},"jetpack_sharing_enabled":false,"jetpack_shortlink":"https:\/\/wp.me\/P9Efcx-2a","jetpack-related-posts":[],"_links":{"self":[{"href":"https:\/\/www.spiritualemergencenetwork.org\/finland\/wp-json\/wp\/v2\/pages\/134","targetHints":{"allow":["GET"]}}],"collection":[{"href":"https:\/\/www.spiritualemergencenetwork.org\/finland\/wp-json\/wp\/v2\/pages"}],"about":[{"href":"https:\/\/www.spiritualemergencenetwork.org\/finland\/wp-json\/wp\/v2\/types\/page"}],"author":[{"embeddable":true,"href":"https:\/\/www.spiritualemergencenetwork.org\/finland\/wp-json\/wp\/v2\/users\/2"}],"replies":[{"embeddable":true,"href":"https:\/\/www.spiritualemergencenetwork.org\/finland\/wp-json\/wp\/v2\/comments?post=134"}],"version-history":[{"count":10,"href":"https:\/\/www.spiritualemergencenetwork.org\/finland\/wp-json\/wp\/v2\/pages\/134\/revisions"}],"predecessor-version":[{"id":591,"href":"https:\/\/www.spiritualemergencenetwork.org\/finland\/wp-json\/wp\/v2\/pages\/134\/revisions\/591"}],"wp:attachment":[{"href":"https:\/\/www.spiritualemergencenetwork.org\/finland\/wp-json\/wp\/v2\/media?parent=134"}],"curies":[{"name":"wp","href":"https:\/\/api.w.org\/{rel}","templated":true}]}}