{"id":352,"date":"2018-02-19T09:34:32","date_gmt":"2018-02-19T09:34:32","guid":{"rendered":"http:\/\/www.spiritualemergencenetwork.org\/finland\/?page_id=352"},"modified":"2020-06-09T18:16:31","modified_gmt":"2020-06-09T15:16:31","slug":"joutsen-finland","status":"publish","type":"page","link":"https:\/\/www.spiritualemergencenetwork.org\/finland\/about-us\/joutsen-finland\/","title":{"rendered":"JoutSEN &#8211; Spiritual Emergence Network Finland"},"content":{"rendered":"<p><a href=\"https:\/\/i0.wp.com\/www.spiritualemergencenetwork.org\/finland\/wp-content\/uploads\/sites\/15\/2018\/02\/swan-3161142_1280.jpg\"><img data-recalc-dims=\"1\" loading=\"lazy\" decoding=\"async\" data-attachment-id=\"337\" data-permalink=\"https:\/\/www.spiritualemergencenetwork.org\/finland\/joutsen-finland-toimii-osana-kansainvalista-isen\/swan-3161142_1280\/\" data-orig-file=\"https:\/\/i0.wp.com\/www.spiritualemergencenetwork.org\/finland\/wp-content\/uploads\/sites\/15\/2018\/02\/swan-3161142_1280.jpg?fit=1280%2C852&amp;ssl=1\" data-orig-size=\"1280,852\" data-comments-opened=\"1\" data-image-meta=\"{&quot;aperture&quot;:&quot;0&quot;,&quot;credit&quot;:&quot;&quot;,&quot;camera&quot;:&quot;&quot;,&quot;caption&quot;:&quot;&quot;,&quot;created_timestamp&quot;:&quot;0&quot;,&quot;copyright&quot;:&quot;&quot;,&quot;focal_length&quot;:&quot;0&quot;,&quot;iso&quot;:&quot;0&quot;,&quot;shutter_speed&quot;:&quot;0&quot;,&quot;title&quot;:&quot;&quot;,&quot;orientation&quot;:&quot;0&quot;}\" data-image-title=\"swan-3161142_1280\" data-image-description=\"\" data-image-caption=\"\" data-medium-file=\"https:\/\/i0.wp.com\/www.spiritualemergencenetwork.org\/finland\/wp-content\/uploads\/sites\/15\/2018\/02\/swan-3161142_1280.jpg?fit=300%2C200&amp;ssl=1\" data-large-file=\"https:\/\/i0.wp.com\/www.spiritualemergencenetwork.org\/finland\/wp-content\/uploads\/sites\/15\/2018\/02\/swan-3161142_1280.jpg?fit=1024%2C682&amp;ssl=1\" class=\"wp-image-337 alignleft\" src=\"https:\/\/i0.wp.com\/www.spiritualemergencenetwork.org\/finland\/wp-content\/uploads\/sites\/15\/2018\/02\/swan-3161142_1280-300x200.jpg?resize=320%2C213\" alt=\"\" width=\"320\" height=\"213\" srcset=\"https:\/\/i0.wp.com\/www.spiritualemergencenetwork.org\/finland\/wp-content\/uploads\/sites\/15\/2018\/02\/swan-3161142_1280.jpg?resize=300%2C200&amp;ssl=1 300w, https:\/\/i0.wp.com\/www.spiritualemergencenetwork.org\/finland\/wp-content\/uploads\/sites\/15\/2018\/02\/swan-3161142_1280.jpg?resize=768%2C511&amp;ssl=1 768w, https:\/\/i0.wp.com\/www.spiritualemergencenetwork.org\/finland\/wp-content\/uploads\/sites\/15\/2018\/02\/swan-3161142_1280.jpg?resize=1024%2C682&amp;ssl=1 1024w, https:\/\/i0.wp.com\/www.spiritualemergencenetwork.org\/finland\/wp-content\/uploads\/sites\/15\/2018\/02\/swan-3161142_1280.jpg?w=1280&amp;ssl=1 1280w\" sizes=\"auto, (max-width: 320px) 100vw, 320px\" \/><\/a>JoutSEN &#8211; Spiritual Emergence Network Finland, tai lyhyemmin SEN Finland, toimii osana kansainv\u00e4list\u00e4 ISEN -verkostoa, jonka tavoitteena on kohdata ihminen henkisen kasvun yhteydess\u00e4 esiin nousseessa tuen tarpeessa tai ns. henkisess\u00e4 h\u00e4t\u00e4tilassa (Spiritual Emergency). T\u00e4llainen kriisivaihe n\u00e4hd\u00e4\u00e4n valitettavan usein yksinomaan vakavana mielenterveyden h\u00e4iri\u00f6n\u00e4 ja siten diagnosoidaan joskus virheellisesti psykiatriseksi sairaudeksi.<\/p>\n<p>SEN Finlandin tarkoituksena on jakaa tietoa, j\u00e4rjest\u00e4\u00e4 tapahtumia sek\u00e4 tarjota vertaistukea henkisten kokemusten integraatioprosessissa. Toiminnan l\u00e4ht\u00f6kohtana on ajatus, jonka mukaan kriisi n\u00e4hd\u00e4\u00e4n osana syv\u00e4llist\u00e4 muutosprosessia &#8211; ainutlaatuisena kasvun ja eheytymisen mahdollisuutena.<\/p>\n<p>Henkinen h\u00e4t\u00e4tila voi synty\u00e4 reaktiona erilaisiin luonnollisen, inhimillisen kasvuprosessin mukanaan tuomiin kokemuksiin. Usein niit\u00e4 kutsutaan havahtumisiksi tai her\u00e4\u00e4misiksi (awakenings). T\u00e4ll\u00f6in voi ilmet\u00e4 muutoksia esimerkiksi ihmisen ajatuksissa tai tajunnan-\/tietoisuuden tilassa, joita on vaikea k\u00e4sitell\u00e4 ja integroida omaan tai ymp\u00e4r\u00f6iv\u00e4ss\u00e4 yhteis\u00f6ss\u00e4 ja yhteiskunnassa vallitsevaan maailmankuvaan. Kokemukset saattavat tuntua yht\u00e4 hyvin positiivisilta ja rakkaudellisilta kuin pelottavilta ja ahdistavilta. Uuden kokemuksen laukaisevana tekij\u00e4n\u00e4 voi olla esim. henkinen harjoitus kuten meditaatio tai jooga, kuolemanl\u00e4hikokemus (NDE), l\u00e4heisen kuolema, stressi, syv\u00e4 ahdistus, synnytys. Kokemus voi nousta my\u00f6s t\u00e4ysin spontaanisti, ilman mit\u00e4\u00e4n selv\u00e4\u00e4 ulkoista tai sis\u00e4ist\u00e4 tekij\u00e4\u00e4.<\/p>\n<p>Jokaisen henkinen kasvuprosessi on yksil\u00f6llinen, mutta tilanteen kriisiytyminen on nyky-yhteiskunnassamme yll\u00e4tt\u00e4v\u00e4n yleist\u00e4 ja yh\u00e4 tunnetumpaa. SEN-yhteis\u00f6jen verkosto on olemassa jakaakseen henkisen kriisin keskell\u00e4 kamppaileville ja heid\u00e4n tukiverkostoilleen mahdollisimman paljon niin kokemus- kuin tutkimusperusteista, mist\u00e4\u00e4n henkisest\u00e4 aatteesta tai ideologiasta riippumatonta tukea ja tietoa.<\/p>\n<p><a href=\"http:\/\/www.spiritualemergencenetwork.org\/\">Lue lis\u00e4\u00e4 ISENist\u00e4<\/a> (International Spiritual Emergence Network)<\/p>\n","protected":false},"excerpt":{"rendered":"<p>JoutSEN &#8211; Spiritual Emergence Network Finland, tai lyhyemmin SEN Finland, toimii osana kansainv\u00e4list\u00e4 ISEN -verkostoa, jonka tavoitteena on kohdata ihminen henkisen kasvun yhteydess\u00e4 esiin nousseessa tuen tarpeessa tai ns. henkisess\u00e4 h\u00e4t\u00e4tilassa (Spiritual Emergency). T\u00e4llainen kriisivaihe n\u00e4hd\u00e4\u00e4n valitettavan usein yksinomaan vakavana mielenterveyden h\u00e4iri\u00f6n\u00e4 ja siten diagnosoidaan joskus virheellisesti psykiatriseksi sairaudeksi. SEN Finlandin tarkoituksena on jakaa tietoa, [&hellip;]<\/p>\n","protected":false},"author":22,"featured_media":337,"parent":134,"menu_order":1,"comment_status":"closed","ping_status":"closed","template":"","meta":{"_monsterinsights_skip_tracking":false,"_monsterinsights_sitenote_active":false,"_monsterinsights_sitenote_note":"","_monsterinsights_sitenote_category":0,"_uf_show_specific_survey":0,"_uf_disable_surveys":false,"_genesis_hide_title":false,"_genesis_hide_breadcrumbs":false,"_genesis_hide_singular_image":false,"_genesis_hide_footer_widgets":false,"_genesis_custom_body_class":"","_genesis_custom_post_class":"","_genesis_layout":"","jetpack_post_was_ever_published":false,"footnotes":""},"class_list":{"0":"post-352","1":"page","2":"type-page","3":"status-publish","4":"has-post-thumbnail","6":"entry"},"yoast_head":"<!-- This site is optimized with the Yoast SEO plugin v27.3 - https:\/\/yoast.com\/product\/yoast-seo-wordpress\/ -->\n<title>JoutSEN - Spiritual Emergence Network Finland - SEN Finland<\/title>\n<meta name=\"robots\" content=\"index, follow, max-snippet:-1, max-image-preview:large, max-video-preview:-1\" \/>\n<link rel=\"canonical\" href=\"https:\/\/www.spiritualemergencenetwork.org\/finland\/about-us\/joutsen-finland\/\" \/>\n<meta property=\"og:locale\" content=\"en_GB\" \/>\n<meta property=\"og:type\" content=\"article\" \/>\n<meta property=\"og:title\" content=\"JoutSEN - Spiritual Emergence Network Finland - SEN Finland\" \/>\n<meta property=\"og:description\" content=\"JoutSEN &#8211; Spiritual Emergence Network Finland, tai lyhyemmin SEN Finland, toimii osana kansainv\u00e4list\u00e4 ISEN -verkostoa, jonka tavoitteena on kohdata ihminen henkisen kasvun yhteydess\u00e4 esiin nousseessa tuen tarpeessa tai ns. henkisess\u00e4 h\u00e4t\u00e4tilassa (Spiritual Emergency). T\u00e4llainen kriisivaihe n\u00e4hd\u00e4\u00e4n valitettavan usein yksinomaan vakavana mielenterveyden h\u00e4iri\u00f6n\u00e4 ja siten diagnosoidaan joskus virheellisesti psykiatriseksi sairaudeksi. SEN Finlandin tarkoituksena on jakaa tietoa, [&hellip;]\" \/>\n<meta property=\"og:url\" content=\"https:\/\/www.spiritualemergencenetwork.org\/finland\/about-us\/joutsen-finland\/\" \/>\n<meta property=\"og:site_name\" content=\"SEN Finland\" \/>\n<meta property=\"article:modified_time\" content=\"2020-06-09T15:16:31+00:00\" \/>\n<meta property=\"og:image\" content=\"https:\/\/i2.wp.com\/www.spiritualemergencenetwork.org\/finland\/wp-content\/uploads\/sites\/15\/2018\/02\/swan-3161142_1280.jpg?fit=1280%2C852&ssl=1\" \/>\n\t<meta property=\"og:image:width\" content=\"1280\" \/>\n\t<meta property=\"og:image:height\" content=\"852\" \/>\n\t<meta property=\"og:image:type\" content=\"image\/jpeg\" \/>\n<meta name=\"twitter:card\" content=\"summary_large_image\" \/>\n<meta name=\"twitter:label1\" content=\"Estimated reading time\" \/>\n\t<meta name=\"twitter:data1\" content=\"1 minute\" \/>\n<script type=\"application\/ld+json\" class=\"yoast-schema-graph\">{\"@context\":\"https:\\\/\\\/schema.org\",\"@graph\":[{\"@type\":\"WebPage\",\"@id\":\"https:\\\/\\\/www.spiritualemergencenetwork.org\\\/finland\\\/about-us\\\/joutsen-finland\\\/\",\"url\":\"https:\\\/\\\/www.spiritualemergencenetwork.org\\\/finland\\\/about-us\\\/joutsen-finland\\\/\",\"name\":\"JoutSEN - Spiritual Emergence Network Finland - SEN Finland\",\"isPartOf\":{\"@id\":\"https:\\\/\\\/www.spiritualemergencenetwork.org\\\/finland\\\/#website\"},\"primaryImageOfPage\":{\"@id\":\"https:\\\/\\\/www.spiritualemergencenetwork.org\\\/finland\\\/about-us\\\/joutsen-finland\\\/#primaryimage\"},\"image\":{\"@id\":\"https:\\\/\\\/www.spiritualemergencenetwork.org\\\/finland\\\/about-us\\\/joutsen-finland\\\/#primaryimage\"},\"thumbnailUrl\":\"https:\\\/\\\/i0.wp.com\\\/www.spiritualemergencenetwork.org\\\/finland\\\/wp-content\\\/uploads\\\/sites\\\/15\\\/2018\\\/02\\\/swan-3161142_1280.jpg?fit=1280%2C852&ssl=1\",\"datePublished\":\"2018-02-19T09:34:32+00:00\",\"dateModified\":\"2020-06-09T15:16:31+00:00\",\"breadcrumb\":{\"@id\":\"https:\\\/\\\/www.spiritualemergencenetwork.org\\\/finland\\\/about-us\\\/joutsen-finland\\\/#breadcrumb\"},\"inLanguage\":\"en-GB\",\"potentialAction\":[{\"@type\":\"ReadAction\",\"target\":[\"https:\\\/\\\/www.spiritualemergencenetwork.org\\\/finland\\\/about-us\\\/joutsen-finland\\\/\"]}]},{\"@type\":\"ImageObject\",\"inLanguage\":\"en-GB\",\"@id\":\"https:\\\/\\\/www.spiritualemergencenetwork.org\\\/finland\\\/about-us\\\/joutsen-finland\\\/#primaryimage\",\"url\":\"https:\\\/\\\/i0.wp.com\\\/www.spiritualemergencenetwork.org\\\/finland\\\/wp-content\\\/uploads\\\/sites\\\/15\\\/2018\\\/02\\\/swan-3161142_1280.jpg?fit=1280%2C852&ssl=1\",\"contentUrl\":\"https:\\\/\\\/i0.wp.com\\\/www.spiritualemergencenetwork.org\\\/finland\\\/wp-content\\\/uploads\\\/sites\\\/15\\\/2018\\\/02\\\/swan-3161142_1280.jpg?fit=1280%2C852&ssl=1\",\"width\":1280,\"height\":852},{\"@type\":\"BreadcrumbList\",\"@id\":\"https:\\\/\\\/www.spiritualemergencenetwork.org\\\/finland\\\/about-us\\\/joutsen-finland\\\/#breadcrumb\",\"itemListElement\":[{\"@type\":\"ListItem\",\"position\":1,\"name\":\"Home\",\"item\":\"https:\\\/\\\/www.spiritualemergencenetwork.org\\\/finland\\\/\"},{\"@type\":\"ListItem\",\"position\":2,\"name\":\"Meist\u00e4\",\"item\":\"https:\\\/\\\/www.spiritualemergencenetwork.org\\\/finland\\\/about-us\\\/\"},{\"@type\":\"ListItem\",\"position\":3,\"name\":\"JoutSEN &#8211; Spiritual Emergence Network Finland\"}]},{\"@type\":\"WebSite\",\"@id\":\"https:\\\/\\\/www.spiritualemergencenetwork.org\\\/finland\\\/#website\",\"url\":\"https:\\\/\\\/www.spiritualemergencenetwork.org\\\/finland\\\/\",\"name\":\"SEN Finland\",\"description\":\"Spiritual Crisis Network Finland\",\"potentialAction\":[{\"@type\":\"SearchAction\",\"target\":{\"@type\":\"EntryPoint\",\"urlTemplate\":\"https:\\\/\\\/www.spiritualemergencenetwork.org\\\/finland\\\/?s={search_term_string}\"},\"query-input\":{\"@type\":\"PropertyValueSpecification\",\"valueRequired\":true,\"valueName\":\"search_term_string\"}}],\"inLanguage\":\"en-GB\"}]}<\/script>\n<!-- \/ Yoast SEO plugin. -->","yoast_head_json":{"title":"JoutSEN - Spiritual Emergence Network Finland - SEN Finland","robots":{"index":"index","follow":"follow","max-snippet":"max-snippet:-1","max-image-preview":"max-image-preview:large","max-video-preview":"max-video-preview:-1"},"canonical":"https:\/\/www.spiritualemergencenetwork.org\/finland\/about-us\/joutsen-finland\/","og_locale":"en_GB","og_type":"article","og_title":"JoutSEN - Spiritual Emergence Network Finland - SEN Finland","og_description":"JoutSEN &#8211; Spiritual Emergence Network Finland, tai lyhyemmin SEN Finland, toimii osana kansainv\u00e4list\u00e4 ISEN -verkostoa, jonka tavoitteena on kohdata ihminen henkisen kasvun yhteydess\u00e4 esiin nousseessa tuen tarpeessa tai ns. henkisess\u00e4 h\u00e4t\u00e4tilassa (Spiritual Emergency). T\u00e4llainen kriisivaihe n\u00e4hd\u00e4\u00e4n valitettavan usein yksinomaan vakavana mielenterveyden h\u00e4iri\u00f6n\u00e4 ja siten diagnosoidaan joskus virheellisesti psykiatriseksi sairaudeksi. SEN Finlandin tarkoituksena on jakaa tietoa, [&hellip;]","og_url":"https:\/\/www.spiritualemergencenetwork.org\/finland\/about-us\/joutsen-finland\/","og_site_name":"SEN Finland","article_modified_time":"2020-06-09T15:16:31+00:00","og_image":[{"width":1280,"height":852,"url":"https:\/\/i2.wp.com\/www.spiritualemergencenetwork.org\/finland\/wp-content\/uploads\/sites\/15\/2018\/02\/swan-3161142_1280.jpg?fit=1280%2C852&ssl=1","type":"image\/jpeg"}],"twitter_card":"summary_large_image","twitter_misc":{"Estimated reading time":"1 minute"},"schema":{"@context":"https:\/\/schema.org","@graph":[{"@type":"WebPage","@id":"https:\/\/www.spiritualemergencenetwork.org\/finland\/about-us\/joutsen-finland\/","url":"https:\/\/www.spiritualemergencenetwork.org\/finland\/about-us\/joutsen-finland\/","name":"JoutSEN - Spiritual Emergence Network Finland - SEN Finland","isPartOf":{"@id":"https:\/\/www.spiritualemergencenetwork.org\/finland\/#website"},"primaryImageOfPage":{"@id":"https:\/\/www.spiritualemergencenetwork.org\/finland\/about-us\/joutsen-finland\/#primaryimage"},"image":{"@id":"https:\/\/www.spiritualemergencenetwork.org\/finland\/about-us\/joutsen-finland\/#primaryimage"},"thumbnailUrl":"https:\/\/i0.wp.com\/www.spiritualemergencenetwork.org\/finland\/wp-content\/uploads\/sites\/15\/2018\/02\/swan-3161142_1280.jpg?fit=1280%2C852&ssl=1","datePublished":"2018-02-19T09:34:32+00:00","dateModified":"2020-06-09T15:16:31+00:00","breadcrumb":{"@id":"https:\/\/www.spiritualemergencenetwork.org\/finland\/about-us\/joutsen-finland\/#breadcrumb"},"inLanguage":"en-GB","potentialAction":[{"@type":"ReadAction","target":["https:\/\/www.spiritualemergencenetwork.org\/finland\/about-us\/joutsen-finland\/"]}]},{"@type":"ImageObject","inLanguage":"en-GB","@id":"https:\/\/www.spiritualemergencenetwork.org\/finland\/about-us\/joutsen-finland\/#primaryimage","url":"https:\/\/i0.wp.com\/www.spiritualemergencenetwork.org\/finland\/wp-content\/uploads\/sites\/15\/2018\/02\/swan-3161142_1280.jpg?fit=1280%2C852&ssl=1","contentUrl":"https:\/\/i0.wp.com\/www.spiritualemergencenetwork.org\/finland\/wp-content\/uploads\/sites\/15\/2018\/02\/swan-3161142_1280.jpg?fit=1280%2C852&ssl=1","width":1280,"height":852},{"@type":"BreadcrumbList","@id":"https:\/\/www.spiritualemergencenetwork.org\/finland\/about-us\/joutsen-finland\/#breadcrumb","itemListElement":[{"@type":"ListItem","position":1,"name":"Home","item":"https:\/\/www.spiritualemergencenetwork.org\/finland\/"},{"@type":"ListItem","position":2,"name":"Meist\u00e4","item":"https:\/\/www.spiritualemergencenetwork.org\/finland\/about-us\/"},{"@type":"ListItem","position":3,"name":"JoutSEN &#8211; Spiritual Emergence Network Finland"}]},{"@type":"WebSite","@id":"https:\/\/www.spiritualemergencenetwork.org\/finland\/#website","url":"https:\/\/www.spiritualemergencenetwork.org\/finland\/","name":"SEN Finland","description":"Spiritual Crisis Network Finland","potentialAction":[{"@type":"SearchAction","target":{"@type":"EntryPoint","urlTemplate":"https:\/\/www.spiritualemergencenetwork.org\/finland\/?s={search_term_string}"},"query-input":{"@type":"PropertyValueSpecification","valueRequired":true,"valueName":"search_term_string"}}],"inLanguage":"en-GB"}]}},"jetpack_sharing_enabled":true,"jetpack_shortlink":"https:\/\/wp.me\/P9Efcx-5G","jetpack-related-posts":[],"_links":{"self":[{"href":"https:\/\/www.spiritualemergencenetwork.org\/finland\/wp-json\/wp\/v2\/pages\/352","targetHints":{"allow":["GET"]}}],"collection":[{"href":"https:\/\/www.spiritualemergencenetwork.org\/finland\/wp-json\/wp\/v2\/pages"}],"about":[{"href":"https:\/\/www.spiritualemergencenetwork.org\/finland\/wp-json\/wp\/v2\/types\/page"}],"author":[{"embeddable":true,"href":"https:\/\/www.spiritualemergencenetwork.org\/finland\/wp-json\/wp\/v2\/users\/22"}],"replies":[{"embeddable":true,"href":"https:\/\/www.spiritualemergencenetwork.org\/finland\/wp-json\/wp\/v2\/comments?post=352"}],"version-history":[{"count":8,"href":"https:\/\/www.spiritualemergencenetwork.org\/finland\/wp-json\/wp\/v2\/pages\/352\/revisions"}],"predecessor-version":[{"id":667,"href":"https:\/\/www.spiritualemergencenetwork.org\/finland\/wp-json\/wp\/v2\/pages\/352\/revisions\/667"}],"up":[{"embeddable":true,"href":"https:\/\/www.spiritualemergencenetwork.org\/finland\/wp-json\/wp\/v2\/pages\/134"}],"wp:featuredmedia":[{"embeddable":true,"href":"https:\/\/www.spiritualemergencenetwork.org\/finland\/wp-json\/wp\/v2\/media\/337"}],"wp:attachment":[{"href":"https:\/\/www.spiritualemergencenetwork.org\/finland\/wp-json\/wp\/v2\/media?parent=352"}],"curies":[{"name":"wp","href":"https:\/\/api.w.org\/{rel}","templated":true}]}}