{"id":134,"date":"2016-01-02T11:02:36","date_gmt":"2016-01-02T11:02:36","guid":{"rendered":"http:\/\/isen.org.uk\/template\/?page_id=134"},"modified":"2023-11-22T17:05:41","modified_gmt":"2023-11-22T17:05:41","slug":"kim-jestesmy","status":"publish","type":"page","link":"https:\/\/www.spiritualemergencenetwork.org\/polski\/kim-jestesmy\/","title":{"rendered":"Kim jeste\u015bmy?"},"content":{"rendered":"<p>Organizacj\u0105 non-profit, kt\u00f3rej misj\u0105 jest szerzenie \u015bwiadomo\u015bci na temat kryzysu i wspierania os\u00f3b przez niego przechodz\u0105cych. Towarzyszymy osobom przechodz\u0105cym przez kryzys pod\u0105\u017caj\u0105c za tym jak dana osoba go rozumie. Nie etykietujemy, nie narzucamy, jeste\u015bmy.<br \/>\n\u200b<br \/>\nWierzymy, \u017ce nikt nie powinien by\u0107 sam przechodz\u0105c przez ten trudny proces. Jednocze\u015bnie jeste\u015bmy \u015bwiadomi ogranicze\u0144 Narodowej S\u0142u\u017cby zdrowia i widzimy potrzeb\u0119 tworzenia przestrzeni wsparcia przez osoby, kt\u00f3re same do\u015bwiadczy\u0142y kryzysu i maj\u0105 przestrze\u0144 na to, \u017ceby towarzyszy\u0107 osobom kt\u00f3re nadal si\u0119 w nim znajduj\u0105. Jest to niezmiernie istotne z tego powodu, \u017ce osoba znajduj\u0105ca si\u0119 w g\u0142\u0119bokim kryzysie czuje potrzeb\u0119 bycia zrozumianym co nie zawsze jest mo\u017cliwe dla profesjonalist\u00f3w, nie ze wzgl\u0119du na brak dobrych ch\u0119ci czy edukacji, ale ze wzgl\u0119du na to, \u017ce pewne do\u015bwiadczenia mo\u017cna zrozumie\u0107 jedynie przez nie przechodz\u0105c. Drugim powodem dla kt\u00f3rego nieformalne, bezp\u0142atne \u017ar\u00f3d\u0142a pomocy s\u0105 tak istotne jest to, \u017ce do\u015bwiadczanie kryzysu nierzadko \u0142\u0105czy si\u0119 z trudno\u015bciami w podj\u0119ciu si\u0119 pracy, w zwi\u0105zku z tym nie ka\u017cdego sta\u0107 na odp\u0142atn\u0105 psychoterapi\u0119.<\/p>\n<p>Strona ma charakter edukacyjny a na ten moment udzielamy wsparcia <a href=\"https:\/\/www.spiritualemergencenetwork.org\/contact-us\/\">jedynie drog\u0105 mailow\u0105<\/a>.<\/p>\n","protected":false},"excerpt":{"rendered":"<p>Organizacj\u0105 non-profit, kt\u00f3rej misj\u0105 jest szerzenie \u015bwiadomo\u015bci na temat kryzysu i wspierania os\u00f3b przez niego przechodz\u0105cych. Towarzyszymy osobom przechodz\u0105cym przez kryzys pod\u0105\u017caj\u0105c za tym jak dana osoba go rozumie. Nie etykietujemy, nie narzucamy, jeste\u015bmy. \u200b Wierzymy, \u017ce nikt nie powinien by\u0107 sam przechodz\u0105c przez ten trudny proces. Jednocze\u015bnie jeste\u015bmy \u015bwiadomi ogranicze\u0144 Narodowej S\u0142u\u017cby zdrowia i [&hellip;]<\/p>\n","protected":false},"author":2,"featured_media":153,"parent":0,"menu_order":0,"comment_status":"closed","ping_status":"closed","template":"","meta":{"_monsterinsights_skip_tracking":false,"_monsterinsights_sitenote_active":false,"_monsterinsights_sitenote_note":"","_monsterinsights_sitenote_category":0,"_uf_show_specific_survey":0,"_uf_disable_surveys":false,"_genesis_hide_title":false,"_genesis_hide_breadcrumbs":false,"_genesis_hide_singular_image":false,"_genesis_hide_footer_widgets":false,"_genesis_custom_body_class":"","_genesis_custom_post_class":"","_genesis_layout":"","jetpack_post_was_ever_published":false,"footnotes":""},"class_list":{"0":"post-134","1":"page","2":"type-page","3":"status-publish","4":"has-post-thumbnail","6":"entry"},"yoast_head":"<!-- This site is optimized with the Yoast SEO plugin v27.3 - https:\/\/yoast.com\/product\/yoast-seo-wordpress\/ -->\n<title>Kim jeste\u015bmy? - SEN Poland<\/title>\n<meta name=\"robots\" content=\"index, follow, max-snippet:-1, max-image-preview:large, max-video-preview:-1\" \/>\n<link rel=\"canonical\" href=\"https:\/\/www.spiritualemergencenetwork.org\/polski\/kim-jestesmy\/\" \/>\n<meta property=\"og:locale\" content=\"en_GB\" \/>\n<meta property=\"og:type\" content=\"article\" \/>\n<meta property=\"og:title\" content=\"Kim jeste\u015bmy? - SEN Poland\" \/>\n<meta property=\"og:description\" content=\"Organizacj\u0105 non-profit, kt\u00f3rej misj\u0105 jest szerzenie \u015bwiadomo\u015bci na temat kryzysu i wspierania os\u00f3b przez niego przechodz\u0105cych. Towarzyszymy osobom przechodz\u0105cym przez kryzys pod\u0105\u017caj\u0105c za tym jak dana osoba go rozumie. Nie etykietujemy, nie narzucamy, jeste\u015bmy. \u200b Wierzymy, \u017ce nikt nie powinien by\u0107 sam przechodz\u0105c przez ten trudny proces. Jednocze\u015bnie jeste\u015bmy \u015bwiadomi ogranicze\u0144 Narodowej S\u0142u\u017cby zdrowia i [&hellip;]\" \/>\n<meta property=\"og:url\" content=\"https:\/\/www.spiritualemergencenetwork.org\/polski\/kim-jestesmy\/\" \/>\n<meta property=\"og:site_name\" content=\"SEN Poland\" \/>\n<meta property=\"article:modified_time\" content=\"2023-11-22T17:05:41+00:00\" \/>\n<meta property=\"og:image\" content=\"https:\/\/www.spiritualemergencenetwork.org\/polski\/wp-content\/uploads\/sites\/12\/2016\/01\/big-tree-light-rays.png\" \/>\n\t<meta property=\"og:image:width\" content=\"972\" \/>\n\t<meta property=\"og:image:height\" content=\"414\" \/>\n\t<meta property=\"og:image:type\" content=\"image\/png\" \/>\n<meta name=\"twitter:card\" content=\"summary_large_image\" \/>\n<meta name=\"twitter:label1\" content=\"Estimated reading time\" \/>\n\t<meta name=\"twitter:data1\" content=\"1 minute\" \/>\n<script type=\"application\/ld+json\" class=\"yoast-schema-graph\">{\"@context\":\"https:\\\/\\\/schema.org\",\"@graph\":[{\"@type\":\"WebPage\",\"@id\":\"https:\\\/\\\/www.spiritualemergencenetwork.org\\\/polski\\\/kim-jestesmy\\\/\",\"url\":\"https:\\\/\\\/www.spiritualemergencenetwork.org\\\/polski\\\/kim-jestesmy\\\/\",\"name\":\"Kim jeste\u015bmy? - SEN Poland\",\"isPartOf\":{\"@id\":\"https:\\\/\\\/www.spiritualemergencenetwork.org\\\/polski\\\/#website\"},\"primaryImageOfPage\":{\"@id\":\"https:\\\/\\\/www.spiritualemergencenetwork.org\\\/polski\\\/kim-jestesmy\\\/#primaryimage\"},\"image\":{\"@id\":\"https:\\\/\\\/www.spiritualemergencenetwork.org\\\/polski\\\/kim-jestesmy\\\/#primaryimage\"},\"thumbnailUrl\":\"https:\\\/\\\/i0.wp.com\\\/www.spiritualemergencenetwork.org\\\/polski\\\/wp-content\\\/uploads\\\/sites\\\/12\\\/2016\\\/01\\\/big-tree-light-rays.png?fit=972%2C414&ssl=1\",\"datePublished\":\"2016-01-02T11:02:36+00:00\",\"dateModified\":\"2023-11-22T17:05:41+00:00\",\"breadcrumb\":{\"@id\":\"https:\\\/\\\/www.spiritualemergencenetwork.org\\\/polski\\\/kim-jestesmy\\\/#breadcrumb\"},\"inLanguage\":\"en-GB\",\"potentialAction\":[{\"@type\":\"ReadAction\",\"target\":[\"https:\\\/\\\/www.spiritualemergencenetwork.org\\\/polski\\\/kim-jestesmy\\\/\"]}]},{\"@type\":\"ImageObject\",\"inLanguage\":\"en-GB\",\"@id\":\"https:\\\/\\\/www.spiritualemergencenetwork.org\\\/polski\\\/kim-jestesmy\\\/#primaryimage\",\"url\":\"https:\\\/\\\/i0.wp.com\\\/www.spiritualemergencenetwork.org\\\/polski\\\/wp-content\\\/uploads\\\/sites\\\/12\\\/2016\\\/01\\\/big-tree-light-rays.png?fit=972%2C414&ssl=1\",\"contentUrl\":\"https:\\\/\\\/i0.wp.com\\\/www.spiritualemergencenetwork.org\\\/polski\\\/wp-content\\\/uploads\\\/sites\\\/12\\\/2016\\\/01\\\/big-tree-light-rays.png?fit=972%2C414&ssl=1\",\"width\":972,\"height\":414,\"caption\":\"Large beautiful tree with suns rays streaming\"},{\"@type\":\"BreadcrumbList\",\"@id\":\"https:\\\/\\\/www.spiritualemergencenetwork.org\\\/polski\\\/kim-jestesmy\\\/#breadcrumb\",\"itemListElement\":[{\"@type\":\"ListItem\",\"position\":1,\"name\":\"Home\",\"item\":\"https:\\\/\\\/www.spiritualemergencenetwork.org\\\/polski\\\/\"},{\"@type\":\"ListItem\",\"position\":2,\"name\":\"Kim jeste\u015bmy?\"}]},{\"@type\":\"WebSite\",\"@id\":\"https:\\\/\\\/www.spiritualemergencenetwork.org\\\/polski\\\/#website\",\"url\":\"https:\\\/\\\/www.spiritualemergencenetwork.org\\\/polski\\\/\",\"name\":\"SEN Poland\",\"description\":\"\",\"potentialAction\":[{\"@type\":\"SearchAction\",\"target\":{\"@type\":\"EntryPoint\",\"urlTemplate\":\"https:\\\/\\\/www.spiritualemergencenetwork.org\\\/polski\\\/?s={search_term_string}\"},\"query-input\":{\"@type\":\"PropertyValueSpecification\",\"valueRequired\":true,\"valueName\":\"search_term_string\"}}],\"inLanguage\":\"en-GB\"}]}<\/script>\n<!-- \/ Yoast SEO plugin. -->","yoast_head_json":{"title":"Kim jeste\u015bmy? - SEN Poland","robots":{"index":"index","follow":"follow","max-snippet":"max-snippet:-1","max-image-preview":"max-image-preview:large","max-video-preview":"max-video-preview:-1"},"canonical":"https:\/\/www.spiritualemergencenetwork.org\/polski\/kim-jestesmy\/","og_locale":"en_GB","og_type":"article","og_title":"Kim jeste\u015bmy? - SEN Poland","og_description":"Organizacj\u0105 non-profit, kt\u00f3rej misj\u0105 jest szerzenie \u015bwiadomo\u015bci na temat kryzysu i wspierania os\u00f3b przez niego przechodz\u0105cych. Towarzyszymy osobom przechodz\u0105cym przez kryzys pod\u0105\u017caj\u0105c za tym jak dana osoba go rozumie. Nie etykietujemy, nie narzucamy, jeste\u015bmy. \u200b Wierzymy, \u017ce nikt nie powinien by\u0107 sam przechodz\u0105c przez ten trudny proces. Jednocze\u015bnie jeste\u015bmy \u015bwiadomi ogranicze\u0144 Narodowej S\u0142u\u017cby zdrowia i [&hellip;]","og_url":"https:\/\/www.spiritualemergencenetwork.org\/polski\/kim-jestesmy\/","og_site_name":"SEN Poland","article_modified_time":"2023-11-22T17:05:41+00:00","og_image":[{"width":972,"height":414,"url":"https:\/\/www.spiritualemergencenetwork.org\/polski\/wp-content\/uploads\/sites\/12\/2016\/01\/big-tree-light-rays.png","type":"image\/png"}],"twitter_card":"summary_large_image","twitter_misc":{"Estimated reading time":"1 minute"},"schema":{"@context":"https:\/\/schema.org","@graph":[{"@type":"WebPage","@id":"https:\/\/www.spiritualemergencenetwork.org\/polski\/kim-jestesmy\/","url":"https:\/\/www.spiritualemergencenetwork.org\/polski\/kim-jestesmy\/","name":"Kim jeste\u015bmy? - SEN Poland","isPartOf":{"@id":"https:\/\/www.spiritualemergencenetwork.org\/polski\/#website"},"primaryImageOfPage":{"@id":"https:\/\/www.spiritualemergencenetwork.org\/polski\/kim-jestesmy\/#primaryimage"},"image":{"@id":"https:\/\/www.spiritualemergencenetwork.org\/polski\/kim-jestesmy\/#primaryimage"},"thumbnailUrl":"https:\/\/i0.wp.com\/www.spiritualemergencenetwork.org\/polski\/wp-content\/uploads\/sites\/12\/2016\/01\/big-tree-light-rays.png?fit=972%2C414&ssl=1","datePublished":"2016-01-02T11:02:36+00:00","dateModified":"2023-11-22T17:05:41+00:00","breadcrumb":{"@id":"https:\/\/www.spiritualemergencenetwork.org\/polski\/kim-jestesmy\/#breadcrumb"},"inLanguage":"en-GB","potentialAction":[{"@type":"ReadAction","target":["https:\/\/www.spiritualemergencenetwork.org\/polski\/kim-jestesmy\/"]}]},{"@type":"ImageObject","inLanguage":"en-GB","@id":"https:\/\/www.spiritualemergencenetwork.org\/polski\/kim-jestesmy\/#primaryimage","url":"https:\/\/i0.wp.com\/www.spiritualemergencenetwork.org\/polski\/wp-content\/uploads\/sites\/12\/2016\/01\/big-tree-light-rays.png?fit=972%2C414&ssl=1","contentUrl":"https:\/\/i0.wp.com\/www.spiritualemergencenetwork.org\/polski\/wp-content\/uploads\/sites\/12\/2016\/01\/big-tree-light-rays.png?fit=972%2C414&ssl=1","width":972,"height":414,"caption":"Large beautiful tree with suns rays streaming"},{"@type":"BreadcrumbList","@id":"https:\/\/www.spiritualemergencenetwork.org\/polski\/kim-jestesmy\/#breadcrumb","itemListElement":[{"@type":"ListItem","position":1,"name":"Home","item":"https:\/\/www.spiritualemergencenetwork.org\/polski\/"},{"@type":"ListItem","position":2,"name":"Kim jeste\u015bmy?"}]},{"@type":"WebSite","@id":"https:\/\/www.spiritualemergencenetwork.org\/polski\/#website","url":"https:\/\/www.spiritualemergencenetwork.org\/polski\/","name":"SEN Poland","description":"","potentialAction":[{"@type":"SearchAction","target":{"@type":"EntryPoint","urlTemplate":"https:\/\/www.spiritualemergencenetwork.org\/polski\/?s={search_term_string}"},"query-input":{"@type":"PropertyValueSpecification","valueRequired":true,"valueName":"search_term_string"}}],"inLanguage":"en-GB"}]}},"jetpack_sharing_enabled":true,"jetpack_shortlink":"https:\/\/wp.me\/P88ZMJ-2a","jetpack-related-posts":[],"_links":{"self":[{"href":"https:\/\/www.spiritualemergencenetwork.org\/polski\/wp-json\/wp\/v2\/pages\/134","targetHints":{"allow":["GET"]}}],"collection":[{"href":"https:\/\/www.spiritualemergencenetwork.org\/polski\/wp-json\/wp\/v2\/pages"}],"about":[{"href":"https:\/\/www.spiritualemergencenetwork.org\/polski\/wp-json\/wp\/v2\/types\/page"}],"author":[{"embeddable":true,"href":"https:\/\/www.spiritualemergencenetwork.org\/polski\/wp-json\/wp\/v2\/users\/2"}],"replies":[{"embeddable":true,"href":"https:\/\/www.spiritualemergencenetwork.org\/polski\/wp-json\/wp\/v2\/comments?post=134"}],"version-history":[{"count":3,"href":"https:\/\/www.spiritualemergencenetwork.org\/polski\/wp-json\/wp\/v2\/pages\/134\/revisions"}],"predecessor-version":[{"id":312,"href":"https:\/\/www.spiritualemergencenetwork.org\/polski\/wp-json\/wp\/v2\/pages\/134\/revisions\/312"}],"wp:featuredmedia":[{"embeddable":true,"href":"https:\/\/www.spiritualemergencenetwork.org\/polski\/wp-json\/wp\/v2\/media\/153"}],"wp:attachment":[{"href":"https:\/\/www.spiritualemergencenetwork.org\/polski\/wp-json\/wp\/v2\/media?parent=134"}],"curies":[{"name":"wp","href":"https:\/\/api.w.org\/{rel}","templated":true}]}}