{"id":8,"date":"2015-12-27T17:37:05","date_gmt":"2015-12-27T16:37:05","guid":{"rendered":"http:\/\/176.32.230.45\/isen.org.uk\/?page_id=8"},"modified":"2023-11-22T15:22:43","modified_gmt":"2023-11-22T14:22:43","slug":"contact-us","status":"publish","type":"page","link":"https:\/\/www.spiritualemergencenetwork.org\/slovakia\/contact-us\/","title":{"rendered":"Nap\u00ed\u0161te n\u00e1m"},"content":{"rendered":"\n<p>Tato webov\u00e1 str\u00e1nka slou\u017e\u00ed pro informa\u010dn\u00ed \u00fa\u010dely. Pokud n\u00e1s chcete kontaktovat, pou\u017eijte pros\u00edm kontaktn\u00ed formul\u00e1\u0159 na na\u0161\u00ed hlavn\u00ed mezin\u00e1rodn\u00ed str\u00e1nce &#8211; <a href=\"https:\/\/www.spiritualemergencenetwork.org\/contact-us\/\">www.spiritualemergencenetwork.org\/contact-us\/<\/a><\/p>\n","protected":false},"excerpt":{"rendered":"<p>Tato webov\u00e1 str\u00e1nka slou\u017e\u00ed pro informa\u010dn\u00ed \u00fa\u010dely. Pokud n\u00e1s chcete kontaktovat, pou\u017eijte pros\u00edm kontaktn\u00ed formul\u00e1\u0159 na na\u0161\u00ed hlavn\u00ed mezin\u00e1rodn\u00ed str\u00e1nce &#8211; www.spiritualemergencenetwork.org\/contact-us\/<\/p>\n","protected":false},"author":27,"featured_media":0,"parent":0,"menu_order":0,"comment_status":"closed","ping_status":"closed","template":"","meta":{"_monsterinsights_skip_tracking":false,"_monsterinsights_sitenote_active":false,"_monsterinsights_sitenote_note":"","_monsterinsights_sitenote_category":0,"_uf_show_specific_survey":0,"_uf_disable_surveys":false,"_genesis_hide_title":false,"_genesis_hide_breadcrumbs":false,"_genesis_hide_singular_image":false,"_genesis_hide_footer_widgets":false,"_genesis_custom_body_class":"","_genesis_custom_post_class":"","_genesis_layout":"","footnotes":""},"class_list":{"0":"post-8","1":"page","2":"type-page","3":"status-publish","5":"entry"},"yoast_head":"<!-- This site is optimized with the Yoast SEO plugin v27.5 - https:\/\/yoast.com\/product\/yoast-seo-wordpress\/ -->\n<title>Nap\u00ed\u0161te n\u00e1m - SEN Slovensko a \u010cesko<\/title>\n<meta name=\"robots\" content=\"index, follow, max-snippet:-1, max-image-preview:large, max-video-preview:-1\" \/>\n<link rel=\"canonical\" href=\"https:\/\/www.spiritualemergencenetwork.org\/slovakia\/contact-us\/\" \/>\n<meta property=\"og:locale\" content=\"sk_SK\" \/>\n<meta property=\"og:type\" content=\"article\" \/>\n<meta property=\"og:title\" content=\"Nap\u00ed\u0161te n\u00e1m - SEN Slovensko a \u010cesko\" \/>\n<meta property=\"og:description\" content=\"Tato webov\u00e1 str\u00e1nka slou\u017e\u00ed pro informa\u010dn\u00ed \u00fa\u010dely. Pokud n\u00e1s chcete kontaktovat, pou\u017eijte pros\u00edm kontaktn\u00ed formul\u00e1\u0159 na na\u0161\u00ed hlavn\u00ed mezin\u00e1rodn\u00ed str\u00e1nce &#8211; www.spiritualemergencenetwork.org\/contact-us\/\" \/>\n<meta property=\"og:url\" content=\"https:\/\/www.spiritualemergencenetwork.org\/slovakia\/contact-us\/\" \/>\n<meta property=\"og:site_name\" content=\"SEN Slovensko a \u010cesko\" \/>\n<meta property=\"article:modified_time\" content=\"2023-11-22T14:22:43+00:00\" \/>\n<meta name=\"twitter:card\" content=\"summary_large_image\" \/>\n<meta name=\"twitter:label1\" content=\"Predpokladan\u00fd \u010das \u010d\u00edtania\" \/>\n\t<meta name=\"twitter:data1\" content=\"1 min\u00fata\" \/>\n<script type=\"application\/ld+json\" class=\"yoast-schema-graph\">{\"@context\":\"https:\\\/\\\/schema.org\",\"@graph\":[{\"@type\":\"WebPage\",\"@id\":\"https:\\\/\\\/www.spiritualemergencenetwork.org\\\/slovakia\\\/contact-us\\\/\",\"url\":\"https:\\\/\\\/www.spiritualemergencenetwork.org\\\/slovakia\\\/contact-us\\\/\",\"name\":\"Nap\u00ed\u0161te n\u00e1m - SEN Slovensko a \u010cesko\",\"isPartOf\":{\"@id\":\"https:\\\/\\\/www.spiritualemergencenetwork.org\\\/slovakia\\\/#website\"},\"datePublished\":\"2015-12-27T16:37:05+00:00\",\"dateModified\":\"2023-11-22T14:22:43+00:00\",\"breadcrumb\":{\"@id\":\"https:\\\/\\\/www.spiritualemergencenetwork.org\\\/slovakia\\\/contact-us\\\/#breadcrumb\"},\"inLanguage\":\"sk-SK\",\"potentialAction\":[{\"@type\":\"ReadAction\",\"target\":[\"https:\\\/\\\/www.spiritualemergencenetwork.org\\\/slovakia\\\/contact-us\\\/\"]}]},{\"@type\":\"BreadcrumbList\",\"@id\":\"https:\\\/\\\/www.spiritualemergencenetwork.org\\\/slovakia\\\/contact-us\\\/#breadcrumb\",\"itemListElement\":[{\"@type\":\"ListItem\",\"position\":1,\"name\":\"Home\",\"item\":\"https:\\\/\\\/www.spiritualemergencenetwork.org\\\/slovakia\\\/\"},{\"@type\":\"ListItem\",\"position\":2,\"name\":\"Nap\u00ed\u0161te n\u00e1m\"}]},{\"@type\":\"WebSite\",\"@id\":\"https:\\\/\\\/www.spiritualemergencenetwork.org\\\/slovakia\\\/#website\",\"url\":\"https:\\\/\\\/www.spiritualemergencenetwork.org\\\/slovakia\\\/\",\"name\":\"SEN Slovensko a \u010cesko\",\"description\":\"Part of the International Spiritual Emergence Network\",\"potentialAction\":[{\"@type\":\"SearchAction\",\"target\":{\"@type\":\"EntryPoint\",\"urlTemplate\":\"https:\\\/\\\/www.spiritualemergencenetwork.org\\\/slovakia\\\/?s={search_term_string}\"},\"query-input\":{\"@type\":\"PropertyValueSpecification\",\"valueRequired\":true,\"valueName\":\"search_term_string\"}}],\"inLanguage\":\"sk-SK\"}]}<\/script>\n<!-- \/ Yoast SEO plugin. -->","yoast_head_json":{"title":"Nap\u00ed\u0161te n\u00e1m - SEN Slovensko a \u010cesko","robots":{"index":"index","follow":"follow","max-snippet":"max-snippet:-1","max-image-preview":"max-image-preview:large","max-video-preview":"max-video-preview:-1"},"canonical":"https:\/\/www.spiritualemergencenetwork.org\/slovakia\/contact-us\/","og_locale":"sk_SK","og_type":"article","og_title":"Nap\u00ed\u0161te n\u00e1m - SEN Slovensko a \u010cesko","og_description":"Tato webov\u00e1 str\u00e1nka slou\u017e\u00ed pro informa\u010dn\u00ed \u00fa\u010dely. Pokud n\u00e1s chcete kontaktovat, pou\u017eijte pros\u00edm kontaktn\u00ed formul\u00e1\u0159 na na\u0161\u00ed hlavn\u00ed mezin\u00e1rodn\u00ed str\u00e1nce &#8211; www.spiritualemergencenetwork.org\/contact-us\/","og_url":"https:\/\/www.spiritualemergencenetwork.org\/slovakia\/contact-us\/","og_site_name":"SEN Slovensko a \u010cesko","article_modified_time":"2023-11-22T14:22:43+00:00","twitter_card":"summary_large_image","twitter_misc":{"Predpokladan\u00fd \u010das \u010d\u00edtania":"1 min\u00fata"},"schema":{"@context":"https:\/\/schema.org","@graph":[{"@type":"WebPage","@id":"https:\/\/www.spiritualemergencenetwork.org\/slovakia\/contact-us\/","url":"https:\/\/www.spiritualemergencenetwork.org\/slovakia\/contact-us\/","name":"Nap\u00ed\u0161te n\u00e1m - SEN Slovensko a \u010cesko","isPartOf":{"@id":"https:\/\/www.spiritualemergencenetwork.org\/slovakia\/#website"},"datePublished":"2015-12-27T16:37:05+00:00","dateModified":"2023-11-22T14:22:43+00:00","breadcrumb":{"@id":"https:\/\/www.spiritualemergencenetwork.org\/slovakia\/contact-us\/#breadcrumb"},"inLanguage":"sk-SK","potentialAction":[{"@type":"ReadAction","target":["https:\/\/www.spiritualemergencenetwork.org\/slovakia\/contact-us\/"]}]},{"@type":"BreadcrumbList","@id":"https:\/\/www.spiritualemergencenetwork.org\/slovakia\/contact-us\/#breadcrumb","itemListElement":[{"@type":"ListItem","position":1,"name":"Home","item":"https:\/\/www.spiritualemergencenetwork.org\/slovakia\/"},{"@type":"ListItem","position":2,"name":"Nap\u00ed\u0161te n\u00e1m"}]},{"@type":"WebSite","@id":"https:\/\/www.spiritualemergencenetwork.org\/slovakia\/#website","url":"https:\/\/www.spiritualemergencenetwork.org\/slovakia\/","name":"SEN Slovensko a \u010cesko","description":"Part of the International Spiritual Emergence Network","potentialAction":[{"@type":"SearchAction","target":{"@type":"EntryPoint","urlTemplate":"https:\/\/www.spiritualemergencenetwork.org\/slovakia\/?s={search_term_string}"},"query-input":{"@type":"PropertyValueSpecification","valueRequired":true,"valueName":"search_term_string"}}],"inLanguage":"sk-SK"}]}},"jetpack_sharing_enabled":true,"jetpack_shortlink":"https:\/\/wp.me\/Pa1D9F-8","jetpack-related-posts":[],"_links":{"self":[{"href":"https:\/\/www.spiritualemergencenetwork.org\/slovakia\/wp-json\/wp\/v2\/pages\/8","targetHints":{"allow":["GET"]}}],"collection":[{"href":"https:\/\/www.spiritualemergencenetwork.org\/slovakia\/wp-json\/wp\/v2\/pages"}],"about":[{"href":"https:\/\/www.spiritualemergencenetwork.org\/slovakia\/wp-json\/wp\/v2\/types\/page"}],"author":[{"embeddable":true,"href":"https:\/\/www.spiritualemergencenetwork.org\/slovakia\/wp-json\/wp\/v2\/users\/27"}],"replies":[{"embeddable":true,"href":"https:\/\/www.spiritualemergencenetwork.org\/slovakia\/wp-json\/wp\/v2\/comments?post=8"}],"version-history":[{"count":10,"href":"https:\/\/www.spiritualemergencenetwork.org\/slovakia\/wp-json\/wp\/v2\/pages\/8\/revisions"}],"predecessor-version":[{"id":1400,"href":"https:\/\/www.spiritualemergencenetwork.org\/slovakia\/wp-json\/wp\/v2\/pages\/8\/revisions\/1400"}],"wp:attachment":[{"href":"https:\/\/www.spiritualemergencenetwork.org\/slovakia\/wp-json\/wp\/v2\/media?parent=8"}],"curies":[{"name":"wp","href":"https:\/\/api.w.org\/{rel}","templated":true}]}}